emainder when 1248 is divided by 30?
18
Calculate the remainder when 358 is divided by 88.
6
Calculate the remainder when 6273 is divided by 251.
249
Calculate the remainder when 107 is divided by 45.
17
Calculate the remainder when 740 is divided by 14.
12
What is the remainder when 107 is divided by 90?
17
Calculate the remainder when 11 is divided by 8.
3
What is the remainder when 1858 is divided by 1849?
9
What is the remainder when 187 is divided by 162?
25
Calculate the remainder when 7102 is divided by 33.
7
What is the remainder when 185 is divided by 32?
25
What is the remainder when 4045 is divided by 37?
12
Calculate the remainder when 2120 is divided by 249.
128
Calculate the remainder when 220 is divided by 16.
12
Calculate the remainder when 2735 is divided by 74.
71
Calculate the remainder when 837 is divided by 40.
37
Calculate the remainder when 225 is divided by 23.
18
What is the remainder when 384 is divided by 35?
34
What is the remainder when 586 is divided by 14?
12
What is the remainder when 54 is divided by 15?
9
Calculate the remainder when 15484 is divided by 17.
14
Calculate the remainder when 740 is divided by 729.
11
What is the remainder when 543 is divided by 277?
266
What is the remainder when 9537 is divided by 15?
12
Calculate the remainder when 11095 is divided by 185.
180
What is the remainder when 3572 is divided by 9?
8
What is the remainder when 1648 is divided by 17?
16
What is the remainder when 473 is divided by 95?
93
What is the remainder when 5523 is divided by 37?
10
Calculate the remainder when 746 is divided by 124.
2
What is the remainder when 139 is divided by 6?
1
What is the remainder when 492 is divided by 108?
60
What is the remainder when 666 is divided by 29?
28
Calculate the remainder when 333 is divided by 164.
5
What is the remainder when 2188 is divided by 11?
10
What is the remainder when 69 is divided by 37?
32
What is the remainder when 867 is divided by 122?
13
What is the remainder when 163 is divided by 31?
8
Calculate the remainder when 261 is divided by 14.
9
What is the remainder when 55 is divided by 14?
13
What is the remainder when 333 is divided by 13?
8
Calculate the remainder when 558 is divided by 185.
3
What is the remainder when 4947 is divided by 99?
96
What is the remainder when 1958 is divided by 974?
10
What is the remainder when 772 is divided by 71?
62
Calculate the remainder when 41 is divided by 32.
9
What is the remainder when 983 is divided by 983?
0
What is the remainder when 1897 is divided by 630?
7
Calculate the remainder when 336 is divided by 44.
28
What is the remainder when 730 is divided by 92?
86
Calculate the remainder when 158 is divided by 10.
8
What is the remainder when 1055 is divided by 65?
15
Calculate the remainder when 156 is divided by 44.
24
What is the remainder when 211 is divided by 24?
19
Calculate the remainder when 608 is divided by 61.
59
What is the remainder when 594 is divided by 146?
10
What is the remainder when 272 is divided by 246?
26
Calculate the remainder when 315 is divided by 80.
75
What is the remainder when 128 is divided by 116?
12
What is the remainder when 679 is divided by 10?
9
Calculate the remainder when 275 is divided by 133.
9
Calculate the remainder when 985 is divided by 163.
7
Calculate the remainder when 12 is divided by 4.
0
What is the remainder when 611 is divided by 15?
11
What is the remainder when 113 is divided by 10?
3
What is the remainder when 8356 is divided by 220?
216
What is the remainder when 3634 is divided by 239?
49
Calculate the remainder when 1102 is divided by 12.
10
What is the remainder when 1389 is divided by 140?
129
Calculate the remainder when 1903 is divided by 34.
33
Calculate the remainder when 432 is divided by 44.
36
Calculate the remainder when 1043 is divided by 175.
168
Calculate the remainder when 59 is divided by 5.
4
Calculate the remainder when 7188 is divided by 232.
228
What is the remainder when 51 is divided by 11?
7
What is the remainder when 230 is divided by 4?
2
Calculate the remainder when 759 is divided by 51.
45
What is the remainder when 411 is divided by 106?
93
What is the remainder when 1365 is divided by 55?
45
Calculate the remainder when 157 is divided by 44.
25
Calculate the remainder when 790 is divided by 98.
6
Calculate the remainder when 317 is divided by 28.
9
What is the remainder when 188 is divided by 54?
26
What is the remainder when 211 is divided by 48?
19
What is the remainder when 561 is divided by 31?
3
Calculate the remainder when 137 is divided by 41.
14
Calculate the remainder when 448 is divided by 106.
24
What is the remainder when 4 is divided by 3?
1
What is the remainder when 123 is divided by 18?
15
What is the remainder when 69 is divided by 18?
15
Calculate the remainder when 3729 is divided by 91.
89
What is the remainder when 1160 is divided by 83?
81
What is the remainder when 512 is divided by 45?
17
What is the remainder when 2540 is divided by 62?
60
What is the remainder when 405 is divided by 400?
5
What is the remainder when 6231 is divided by 271?
269
Calculate the remainder when 1619 is divided by 8.
3
Calculate the remainder when 66 is divided by 9.
3
What is the remainder when 218 is divided by 58?
44
Calculate the remainder when 232 is divided by 49.
36
What is the remainder when 11 is divided by 11?
0
Calculate the remainder when 721 is divided by 66.
61
Calculate the remainder when 3236 is divided by 59.
50
Calculate the remainder when 495 is divided by 81.
9
What is the remainder when 652 is divided by 34?
6
What is the remainder when 278 is divided by 25?
3
Calculate the remainder when 5922 is divided by 456.
450
Calculate the remainder when 1182 is divided by 32.
30
What is the remainder when 4895 is divided by 32?
31
What is the remainder when 364 is divided by 71?
9
Calculate the remainder when 137 is divided by 10.
7
Calculate the remainder when 181 is divided by 38.
29
What is the remainder when 143 is divided by 91?
52
What is the remainder when 2999 is divided by 79?
76
What is the remainder when 107 is divided by 3?
2
What is the remainder when 272 is divided by 127?
18
Calculate the remainder when 160 is divided by 34.
24
What is the remainder when 13768 is divided by 142?
136
What is the remainder when 2489 is divided by 78?
71
Calculate the remainder when 5543 is divided by 198.
197
What is the remainder when 33 is divided by 4?
1
What is the remainder when 255 is divided by 72?
39
Calculate the remainder when 1516 is divided by 19.
15
Calculate the remainder when 572 is divided by 285.
2
What is the remainder when 73 is divided by 40?
33
Calculate the remainder when 2941 is divided by 25.
16
What is the remainder when 79 is divided by 35?
9
What is the remainder when 178 is divided by 32?
18
Calculate the remainder when 15764 is divided by 36.
32
What is the remainder when 10318 is divided by 12?
10
What is the remainder when 446 is divided by 64?
62
What is the remainder when 53659 is divided by 13?
8
Calculate the remainder when 2261 is divided by 7.
0
What is the remainder when 717 is divided by 7?
3
Calculate the remainder when 165 is divided by 74.
17
What is the remainder when 3193 is divided by 145?
3
What is the remainder when 2209 is divided by 17?
16
What is the remainder when 217 is divided by 17?
13
What is the remainder when 4156 is divided by 65?
61
What is the remainder when 110 is divided by 39?
32
What is the remainder when 9762 is divided by 279?
276
What is the remainder when 149 is divided by 35?
9
What is the remainder when 896 is divided by 166?
66
What is the remainder when 36 is divided by 20?
16
Calculate the remainder when 3909 is divided by 29.
23
What is the remainder when 679 is divided by 18?
13
Calculate the remainder when 123 is divided by 16.
11
Calculate the remainder when 328 is divided by 6.
4
Calculate the remainder when 135 is divided by 12.
3
What is the remainder when 2434 is divided by 5?
4
Calculate the remainder when 58 is divided by 56.
2
Calculate the remainder when 1044 is divided by 209.
208
What is the remainder when 1165 is divided by 581?
3
Calculate the remainder when 2037 is divided by 23.
13
What is the remainder when 467 is divide